s + h = -8*s. What is the units digit of s?
8
Suppose 24*f - 72*f = 54*f - 2751042. What is the ten thousands digit of f?
2
Let h = -20 - -229. Let s = h - -528. What is the tens digit of s?
3
What is the tens digit of (-23 - -12 - -8) + 5582/1?
7
Let y(n) be the first derivative of n**4/3 - 14*n**3/3 + 5*n**2 + 13*n - 3. Let u(b) be the first derivative of y(b). What is the units digit of u(9)?
2
Suppose 207*l = 321*l - 236664. What is the thousands digit of l?
2
Suppose 0 = -7*u - u - 5209 + 83401. What is the hundreds digit of u?
7
Let l(f) = -f**3 + 15*f**2 + 15*f - 5. Let q be (-15)/(-3) + (1 - (-28)/7). What is the units digit of l(q)?
5
Suppose 4*w = -2*j - 104, -2*j - 5*w + 0*w = 102. What is the thousands digit of -376*5/(80/j)?
1
Suppose -2*w = f + 9073 - 54168, 0 = -3*f - 3*w + 135306. What is the thousands digit of f?
5
Suppose -5*n - 3*o = -5*o - 5, 4*n - 32 = -4*o. Suppose f + n*f - 32 = 0. Suppose 5*x + 204 = f*x. What is the units digit of x?
8
Let l be (-5)/(1 + -11)*-14. What is the units digit of (-30)/35*l + 722?
8
Let w(j) be the first derivative of -1/4*j**4 - 5*j**3 - 11*j**2 - 22*j - 27. What is the tens digit of w(-14)?
9
Let u = 4075 + -2411. What is the thousands digit of u?
1
Let h = -648 - -884. Let c = 1310 - h. What is the hundreds digit of c?
0
Let s(n) = 1097*n**2 - 1953*n + 11709. What is the tens digit of s(6)?
8
Let j(b) = -15*b - 5. Let a be j(-4). Suppose 29*q - 846 - 662 = 0. Let g = a - q. What is the units digit of g?
3
Let u = 6369 - 2553. Suppose 5*f + 7*f = u. What is the units digit of f?
8
Let z = -50261 - -73627. What is the hundreds digit of z/56 + (-2)/(5 + 3)?
4
What is the hundreds digit of (-54)/1026 - 2435841/(-57)?
7
Let t(z) = -47*z - 51. Let i be ((-77)/14)/(-2 + (-39)/(-18)). What is the thousands digit of t(i)?
1
Suppose -9*c - 630 = -6*c. Let k = 260 + c. What is the units digit of k?
0
Suppose -4*v = s - 2*s + 29, 3*s + v - 74 = 0. Suppose 13 = -4*g + s. Suppose g*q - 48 = q. What is the units digit of q?
4
Suppose 285*m = -4*n + 288*m + 33009, -3*m + 3 = 0. What is the tens digit of n?
5
Let i be (-22 - -19)*22/(-2). Let q = 36 - i. Suppose 40 = q*p - 32. What is the units digit of p?
4
Suppose 7*r - 2*f + 152 = 5*r, 4*f = r + 73. Let x = 468 + r. What is the tens digit of x?
9
Suppose 3*n + 8*j = 44529, 3*j - 31526 + 1847 = -2*n. What is the units digit of n?
5
Suppose -282*l + 32633 + 79 = 0. What is the units digit of l?
6
Let c be (12/18)/(3/(-18)) + 6. Let l be c + -4 - (22 + -11). Let b(o) = o**3 + 13*o**2 - 7*o - 17. What is the units digit of b(l)?
4
Suppose 5*m + 470 = -5*p, -4*p - 647 = m - 256. Let y = -99 - p. Suppose -6*u + u - 2*v + 32 = y, 3*u = -2*v + 20. What is the units digit of u?
6
What is the hundreds digit of 139204/58 - 92/1334?
4
Let i(p) = 81*p**3 + 8*p**2 - 18*p + 25. What is the tens digit of i(8)?
6
Let a(y) = 47*y + 3. Let c be a(-2). Let g = c - -91. Suppose g = 5*q + 7 - 2, 3*q = -4*b + 669. What is the hundreds digit of b?
1
Suppose -2*d + 39382 = 4*m - 7*d, -m = -d - 9845. What is the thousands digit of m?
9
Let b = 9 - -371. Let z = b + 227. What is the hundreds digit of z?
6
Let o be 1/3 - (-8)/48*2590. Suppose w - o = -3*g, -2*g = -3*w - g + 1296. What is the hundreds digit of w?
4
Let l = -24 + 17. Let o(g) = -2*g + 11. Let p(x) = -6*x + 34. Let d(u) = l*o(u) + 2*p(u). What is the units digit of d(8)?
7
Let q = -39 + 85. Suppose 50*z - q*z = 12. Suppose 10*v = 5*v - z*g + 169, 17 = v - 5*g. What is the units digit of v?
2
Let f(q) = 3*q**3 - 4*q**2 + 3*q - 4. Suppose 3*i + r = 2*r + 22, -4*r = -20. Let n be (21/(-14))/(i/(-24)). What is the hundreds digit of f(n)?
1
Suppose 0 = 9*z - 10*z + 6. Suppose 0 = -3*o - z, 3*o + 6 = n - 93. Let i = n + -31. What is the tens digit of i?
6
Suppose 0 = -4*i - 3 + 15. Suppose i*s = -2 + 32. What is the units digit of 4/8*-6 - (1 - s)?
6
Suppose -14*k + 7201 = -13*k + 3*x, 0 = 5*k + 4*x - 36049. What is the units digit of k?
3
Let m = 38407 - 2436. What is the ten thousands digit of m?
3
Suppose -x = -5*d + 3899, -3*d - 15*x = -18*x - 2337. Suppose -w = w - d. What is the hundreds digit of w?
3
Suppose 11*n + 24*n - 153370 = 0. What is the thousands digit of n?
4
Suppose 0 = -57*o + 60*o - 4*a - 3773, 2*a = 2*o - 2514. What is the units digit of o?
5
Let o be -6455*(-21)/140 + (-2)/8. What is the tens digit of (o/(-220))/((-1)/10)?
4
Let n be 1 + ((-14)/(-7) - -10269). Suppose 32*d - 16*d - n = 0. What is the units digit of d?
2
Let h(o) = 57*o**2 + 15*o - 1. Let g be (-21)/7 + (-2 - -3). What is the hundreds digit of h(g)?
1
Let k be 262/(-5) + 24/60. Let d = 54 + k. Suppose -5*w + 109 = 2*x, -4*w - 192 = -3*x - d*w. What is the units digit of x?
2
Let k(w) = 3*w**2 - 12. Suppose 8 = -12*u - 112. What is the hundreds digit of k(u)?
2
Suppose 93*l - 95*l = 5*u - 432582, l - 259549 = -3*u. What is the thousands digit of u?
6
What is the thousands digit of ((-54916)/14)/(((-12)/63*3)/2)?
3
Let d(i) be the first derivative of -i**4/4 + 5*i**3 - 7*i**2/2 + 71*i + 84. What is the units digit of d(14)?
9
Suppose 10*o - 14*o = -96. Suppose 605 = o*a - 19*a. Suppose -m - a = -2*m. What is the tens digit of m?
2
Let p = -14798 - -23012. What is the hundreds digit of p?
2
Suppose 22*w = 23*w + 8. Let z(l) = -l**3 - 7*l**2 + 6*l - 13. Let i be z(w). Suppose -2*o - 336 = -i*r, -4*r + o + 453 = -0*o. What is the units digit of r?
4
Suppose -o - 3*a = -1 - 8, 3*a = -2*o + 30. Suppose 5*z + 1 - o = 0, -c = z - 329. What is the tens digit of c?
2
Let b(h) = -h**3 + 20*h**2 + 23*h - 11. Let u be b(21). Suppose 3*w + y - 2791 - u = 0, y + 942 = w. What is the hundreds digit of w?
9
Let y = -158 - -146. What is the tens digit of (-75)/(-450) + (-22330)/y?
6
Let x(t) = 5*t**2 + 48*t + 668. What is the tens digit of x(-43)?
4
Let f = 40295 + -25058. What is the hundreds digit of f?
2
Suppose 0 = -15*p + 77388 + 40437. What is the units digit of p?
5
Suppose -890*g + 882*g = 0. Suppose 6*m - m + 10 = g, 4*f + 4*m = 5068. What is the units digit of f?
9
What is the units digit of -23*((-3)/((-27)/12))/((-2)/339)?
8
Let p be 9/(45/4)*(2 + 8). Suppose p*s - 42 = 22*s. Let b(k) = -5*k**3 + 8*k + 2. What is the tens digit of b(s)?
1
Suppose -2891 = -245*t + 238*t. Let h = 426 - t. What is the tens digit of h?
1
Let x = 219 - 217. Suppose d = 4*f + 278, -3*d + x*f = 3*f - 873. What is the units digit of d?
0
Suppose 76*v - 672 = 84*v. What is the hundreds digit of (-639)/((v/18)/14)?
9
Let j be ((-69)/(-4))/3 + 57/(-76). Suppose -87 = j*y + 1353. Let d = -200 - y. What is the units digit of d?
8
Suppose -6*h - 11819 = -43817. What is the tens digit of h?
3
Let a be 81/6 + (-2 - 3/(-6)). Let c be (-4)/a - (-95)/15. Suppose 168 + 486 = c*y. What is the units digit of y?
9
Let m(h) = h**3 + 5*h**2 - 3*h + 5. Let k be m(-6). Let w(b) = 5*b**2 + 3*b - 5. Let g be w(-4). Let i = g + k. What is the tens digit of i?
5
What is the units digit of (7095/(-22))/(6/(-84))?
5
Suppose -6*b + 7 - 31 = 0. Let a be ((-2)/b)/(1/(-12)). What is the tens digit of 9/a*96/(-9)?
1
Suppose -124*t + 456*t - 15560508 = 0. What is the ten thousands digit of t?
4
Let u = -788 + 2057. Suppose u = 28*q - 19*q. What is the tens digit of q?
4
Suppose 1446516 = 11*a + 58*a. What is the ten thousands digit of a?
2
Let k be 26*(-1)/((-26)/(-28) + -1). Let m = k + -187. What is the units digit of m?
7
What is the tens digit of ((0 - -424)/((-18)/(-12)))/((-11)/(-33))?
4
What is the ten thousands digit of (22804/(-20) + 3)*26/((-572)/605)?
3
Suppose 0*y - 51 = -y. Let p = y - 33. Suppose -12 + 5 = 2*w - 5*l, 3*w - p = -2*l. What is the units digit of w?
4
Let z = -6511 + 10617. What is the thousands digit of z?
4
Let b = 6874 - 3453. What is the hundreds digit of b?
4
Suppose o + 2 = -u, 0*o = 2*u - 5*o - 24. Suppose -b = -4*s + 202 + 218, s - 105 = -u*b. What is the hundreds digit of s?
1
What is the tens digit of 12 + 3165 + (-2)/((5 - 2)/(-3))?
7
Let q(h) = -h**3 - 5*h**2 + 5*h - 11. Let l = 20 + 1. Suppose 4*x = x - l. What is the tens digit of q(x)?
5
Suppose 8*p - 39 - 945 = 0. Let b = p - 81. Suppose 12*h - 2094 - b = 0. What is the hundreds digit of h?
1
Suppose -34*u + 16*u - 342 = 0. Suppose z - 38 + 100 = 0. Let h = u - z. What is the units digit of h?
3
Let